{"id":17,"date":"2021-04-20T20:09:08","date_gmt":"2021-04-20T20:09:08","guid":{"rendered":"http:\/\/www.perinatologistanbul.com\/?page_id=17"},"modified":"2021-05-08T15:41:20","modified_gmt":"2021-05-08T15:41:20","slug":"bize-ulasin","status":"publish","type":"page","link":"https:\/\/www.perinatologistanbul.com\/?page_id=17","title":{"rendered":"Bize ula\u015f\u0131n"},"content":{"rendered":"\n<p>Adres: \u0130ncirli Caddesi No:16 Defne Apartman\u0131 D:5 Bak\u0131rk\u00f6y\/\u0130stanbul<\/p>\n\n\n\n<p>Telefon: 0541 8058096<\/p>\n","protected":false},"excerpt":{"rendered":"<p>Adres: \u0130ncirli Caddesi No:16 Defne Apartman\u0131 D:5 Bak\u0131rk\u00f6y\/\u0130stanbul Telefon: 0541 8058096<\/p>\n","protected":false},"author":1,"featured_media":0,"parent":0,"menu_order":0,"comment_status":"closed","ping_status":"closed","template":"","meta":{"footnotes":""},"class_list":["post-17","page","type-page","status-publish","hentry"],"_links":{"self":[{"href":"https:\/\/www.perinatologistanbul.com\/index.php?rest_route=\/wp\/v2\/pages\/17","targetHints":{"allow":["GET"]}}],"collection":[{"href":"https:\/\/www.perinatologistanbul.com\/index.php?rest_route=\/wp\/v2\/pages"}],"about":[{"href":"https:\/\/www.perinatologistanbul.com\/index.php?rest_route=\/wp\/v2\/types\/page"}],"author":[{"embeddable":true,"href":"https:\/\/www.perinatologistanbul.com\/index.php?rest_route=\/wp\/v2\/users\/1"}],"replies":[{"embeddable":true,"href":"https:\/\/www.perinatologistanbul.com\/index.php?rest_route=%2Fwp%2Fv2%2Fcomments&post=17"}],"version-history":[{"count":2,"href":"https:\/\/www.perinatologistanbul.com\/index.php?rest_route=\/wp\/v2\/pages\/17\/revisions"}],"predecessor-version":[{"id":105,"href":"https:\/\/www.perinatologistanbul.com\/index.php?rest_route=\/wp\/v2\/pages\/17\/revisions\/105"}],"wp:attachment":[{"href":"https:\/\/www.perinatologistanbul.com\/index.php?rest_route=%2Fwp%2Fv2%2Fmedia&parent=17"}],"curies":[{"name":"wp","href":"https:\/\/api.w.org\/{rel}","templated":true}]}}